**2 + 5*d - 15. Let j(i) = -5*o(i) + 8*s(i). Determine j(r).
4
Suppose -16 = -3*s - 5*m, -2*m + 20 = 2*m. Let c(k) be the second derivative of 0 - 6*k + 1/6*k**3 + 0*k**2. Give c(s).
-3
Let x(g) = g**2 - 13*g + 19. Suppose -135*w + 143*w - 24 = 0. Suppose -2*v - 16*o = -15*o - 23, 14 = v + w*o. Give x(v).
-3
Let t(a) = 22*a + 338. Let j = 18513 + -18528. What is t(j)?
8
Suppose -80*x - 597 = 123. Let c(g) = g**2 + 9*g - 14. Calculate c(x).
-14
Let p(b) be the second derivative of 2*b**3 + b**2/2 + b - 7. Let l = 158 - 159. What is p(l)?
-11
Let w(h) = -231*h + 16624. Let r be w(72). Let l(j) = 57*j + 465. Calculate l(r).
9
Let h(l) = -l**3 - 10*l**2 - 6*l + 15. Suppose 79 = 78*d - 97*d - 54. What is h(d)?
-90
Suppose 2*m = -4*w - 6, -2*w = -35*m + 40*m - 41. Let o(s) = -15*s**2 + 163*s + 22. Determine o(m).
0
Let b(x) be the third derivative of -x**3 + 30*x + 0 + 1/12*x**4 - x**2 + 1/60*x**5. Determine b(-5).
9
Let p(x) be the second derivative of -x**4/12 + x**3/6 + 5*x**2/2 - x. Let d = 21900 - 21895. Calculate p(d).
-15
Let t(k) = -k**2 + 7*k - 7. Let g(w) be the second derivative of -w**5/20 + 5*w**4/6 + 13*w**3/6 + 3*w**2/2 - 20*w. Let y be g(11). Let a = y - 19. Give t(a).
-1
Let r(m) = m**2 - 4*m. Suppose -4*z = -30 - 6. Suppose -z = -3*i - 0. Suppose i*g = 20 - 8. What is r(g)?
0
Let d be 30/75 - 233/(-5). Suppose d*v = 58*v + 44. Let f(k) = k**2 + 2*k - 5. Give f(v).
3
Suppose c - 2 = -2*g - 0*g, 9 = -3*g. Let r(y) = -9*y**2 + 9*y - 3 - 8*y**2 + 17*y**2 - 3 - y**2. Calculate r(c).
2
Let t(a) = -2*a - 9. Let i be t(-5). Let l(v) = -i + 6 - 5 - 2 + v + v**2. Give l(3).
10
Let y(l) = 39 + 22*l - 20*l - 5 - 20. Determine y(-12).
-10
Let j(c) = -16*c + 247. Suppose 1785 - 4815 = -202*l. What is j(l)?
7
Let o(g) = 5*g + 6*g + 329*g**2 - 665*g**2 + 329*g**2 - 5*g + 13 - g**3. Give o(-7).
-29
Let t(a) = -2 - 282*a + 143*a + 8*a**2 - 2*a**2 + 143*a + 3. Give t(-2).
17
Let f(g) = -804*g + 102921. Let l be f(128). Let b(y) be the second derivative of -y**4/12 + 7*y**3/6 - y**2/2 + y. Calculate b(l).
-19
Let z(x) = -x**3 - x**2 + x - 13. Let m(h) be the third derivative of h**6/120 + 3*h**5/10 + h**4/8 + 9*h**3 - 66*h**2. Let j be m(-18). Give z(j).
-13
Let m = 5 - 4. Let q = 115 - 94. Let p(j) = -23 + 43 - q - 5*j. Calculate p(m).
-6
Let p(m) = -128*m**3 - m**2 + 1. Suppose 5*r + 20176 = 20171. Give p(r).
128
Let b(w) be the second derivative of -w**5/20 + 7*w**4/4 + w**3/3 - 37*w**2/2 - 191*w. Give b(21).
5
Let f(t) = 378*t**2 - 953*t**2 - 4*t + 287*t**2 + 284*t**2 - 2*t**3 - 6 + 0. Determine f(-4).
74
Let g be (-1 - 9)*((-22)/55)/2 + 11. Let m(z) = -z**3 + 14*z**2 - 15*z - 16. Give m(g).
-42
Let n(k) = -189*k + 1185. Let y(v) = 44*v - 296. Let l(p) = 2*n(p) + 9*y(p). What is l(16)?
-6
Let j(o) = o**3 - 15*o**2 + 14*o. Let i be j(14). Let h(s) = 4*s - s**2 + 3*s**2 + i*s + 4 - s**2. Let t(m) = -10*m + 56. Let w be t(6). Calculate h(w).
4
Let c be 6/((-150)/(-95)) - (-77)/385. Let k(m) = 11*m**3 - 10*m**2 - 7*m - 2. Let y(g) = 5*g**3 - 5*g**2 - 3*g - 1. Let b(i) = 4*k(i) - 9*y(i). What is b(c)?
13
Let h(y) = 10*y + 52. Let j be -2*(8 - 9 - -4). Calculate h(j).
-8
Let d(p) be the second derivative of p**4/6 + 5*p**3/6 + 2*p**2 + 2*p. Suppose -2*u - 8 = 2*i, 0*i = i + 5*u + 8. Let r be (i + 6/(-6))*(1 - 0). Give d(r).
16
Let j(s) = 8*s**2 + 2*s + 1. Let f = 85 + -83. Let d be (-7 - 3) + 5 + f*2. Determine j(d).
7
Let n(y) = -2*y - 1. Let k(u) = -4*u - 4. Let h(c) = k(c) - 3*n(c). Let w = -2 - -1. Let j be (-3 - -2)*3*w. Give h(j).
5
Suppose -5*c + 2*c = -3, 2*u = 5*c - 5. Let l(g) be the first derivative of g**2/2 - 9*g - 19. Determine l(u).
-9
Let p(v) = 222*v - 1 - 120*v - 96*v. Calculate p(13).
77
Let j(z) = z**2 + 4*z + 1. Let g = -27 - -29. Suppose -g*t = -4*d - 22, -2*d + 6*d - 5*t = -31. Give j(d).
1
Let y(n) = n**2 - n. Let r be y(0). Suppose 3*j = -3, 4*s + 3*j - 20 = -3. Let l(h) = 11*h + 7. Let g(p) = 9*p + 8. Let b(k) = s*g(k) - 4*l(k). What is b(r)?
12
Let o(j) be the second derivative of j**5/20 - j**4/2 - j**3 - 11*j**2/2 - 89*j - 60. Suppose 11 = a - 0*a + 2*w, -3*a - 2*w = -25. What is o(a)?
-4
Let m(o) = o**2 + 8*o + 4. Let z(y) = 3*y**2 + 23*y + 13. Let c = 103 - 111. Let x(d) = c*m(d) + 3*z(d). Give x(-6).
13
Let h(t) = -t**3 + 3*t**2 - 2*t + 4. Let z(s) be the first derivative of -s**3/3 + 9*s**2 + 22*s - 58. Let b be z(19). Determine h(b).
-2
Let z be ((8/(-20))/((-2)/(-10)))/(-2). Let l(s) = s - z - 4 + 2 + 6. Calculate l(7).
10
Let r(f) = -2*f - 56. Let q be 136369/19716 - (13/(-12) - -1). Calculate r(q).
-70
Let m(s) = -s**3 + 58*s**2 + 255*s - 457. Let p be m(62). Let y(h) = -31*h - 708. Determine y(p).
5
Let t be (-10)/4*(-20 + 18) + 5083/(-1020). Let i(b) be the third derivative of -t*b**5 + 0 + 1/12*b**4 + 16*b**2 + 0*b + 1/3*b**3. Calculate i(4).
-6
Suppose -6 = -4*i + v, -2*i + 235 = -2*v + 229. Let p(x) = 5*x - 1. Determine p(i).
4
Suppose -g - 38 = 3*r, 11*r + 44 = 8*r - 4*g. Let m(k) = k**3 + 12*k**2 - k - 7. Give m(r).
5
Let g(r) = 6*r + 39. Let n(l) = l**3 + l**2 - 24*l + 30. Let q be n(3). Determine g(q).
3
Let k(y) = -y**2 + 14*y + 6. Let v be k(14). Let t be (-2)/v - 70/(-21) - 2. Let n(o) = -7*o. Calculate n(t).
-7
Let t(z) = -77*z**2 + 2*z + 1. Suppose -4*y + 14 = 12*n - 10*n, -20 = 4*n - 4*y. Give t(n).
-78
Let h(p) be the first derivative of -2*p**3/3 + 7*p**2 + 17*p + 2069. Determine h(8).
1
Let d(q) be the second derivative of -q**4/3 - 2*q**3 + 11*q**2/2 + 1566*q. Give d(1).
-5
Let z(l) be the first derivative of -l**4/4 - 5*l**3/3 + 3*l**2 - 9*l + 2085. Give z(-8).
135
Let g(i) = -i - 9. Let q be 315/(-189) + 434/(-6). Let w = 71 + q. Determine g(w).
-6
Let z(o) be the second derivative of o**2 + 2 + 13*o + 1/6*o**3. Determine z(0).
2
Let f(c) = 5*c + 42. Let g be f(-8). Let u(r) = -172*r**2 + 341*r**2 - 5*r - 170*r**g. What is u(-6)?
-6
Suppose -29*u + 64*u = 22*u - 39. Let a(o) = -o**2 + 35*o + 111. Calculate a(u).
-3
Let a(x) = -240 - 283 + 10*x + 806 - 243. Determine a(-6).
-20
Let g(x) = 9*x + 108. Let n(a) = -25*a - 283. Let v(w) = -8*g(w) - 3*n(w). Determine v(-11).
-48
Let p(x) be the third derivative of -38*x**2 + 1/6*x**4 + 0*x - 7/6*x**3 + 0. Give p(2).
1
Let s be (1 + (-54)/45 - (-52)/10) + -6. Let z = 9 + -3. Let u(x) = z*x**3 - x**2 + 6 - 5 + 0*x**2. Calculate u(s).
-6
Suppose 79*f = 80*f - 3. Let z(c) = -4*c**3 + 0*c**2 - c - f*c**2 - c**3. Calculate z(-2).
30
Let c(k) = 2*k**3 - 4*k**2 + 2*k - 7. Let i be -6*(-31 + 34 + (-20)/6). What is c(i)?
-3
Let z(j) = 1 - 6 + 6*j - 5*j + 3. Let m(l) = -l**2 - 8*l - 1. Let r be m(-7). Suppose 8 - r = -n. What is z(n)?
-4
Let u(g) = 74 + 3*g - 14 - 15 - 22 + 7*g. Determine u(-7).
-47
Let h = 3356 - 3351. Let n(a) = 9*a + 6. Give n(h).
51
Let w be -4 - (-4)/(-8)*1*-38. Let s be (-3 - w/(-4)) + 25/20. Suppose -5 = s*g - 17. Let l(z) = -2*z + 4. Give l(g).
-8
Suppose 10 = 2*z, -b + z = 15 - 5. Let o(i) = -1789 + 929 + 860 - 5*i. Determine o(b).
25
Let g(m) = -m - 1. Suppose 2*z - 50 = -5*t, 5*z + 3*t + t = 108. Suppose -u + p = -59 + 42, 5*p = -u + 29. Let o = z - u. Calculate g(o).
-2
Let h(m) be the first derivative of m**3/3 - 13*m**2/2 - m + 44. Let s(v) = -2*v + 1. Let k(l) = -h(l) + 2*s(l). Determine k(10).
-7
Let q(r) be the third derivative of 0 + 0*r - 1/24*r**4 + 67*r**2 + r**3. Give q(3).
3
Let c be (24 + (-49 - -21))/(0 - 4/3). Let y(x) be the third derivative of -x**5/30 + x**4/8 + x**3/2 + 3*x**2. What is y(c)?
-6
Let l be (-1)/(-3) - ((-91)/(-21) - 4). Let o be 1 - l - (4 - 10). Let y(v) = v - 1. Let b(a) = 6*a - 12. Let c(z) = -b(z) + 5*y(z). Determine c(o).
0
Let i(o) = 3*o + 252*o**2 - 3 + 3*o**3 - 246*o**2 - 2*o**3. Let k = 318 - 324. What is i(k)?
-21
Let u(g) = g + 25. Let w be u(-12). Suppose 2*x - w = -21. Let y be (2/x)/(9/(-108)). Let f(n) = n**2 - 6*n. Calculate f(y).
0
Let j be (-24)/(-15) + (-6)/10. Let o(l) = -27*l**3 - 71*l**2 + l - 7. Let x(y) = 24*y**3 + 59*y**2 - y + 6. Let i(d) = -5*o(d) - 6*x(d). Give i(j).
-8
Suppose -3*g - p + 20 = 0, -5*g + 31*p - 35*p = -45. Let d(a) = -a**3 + 5*a**2 - 4*a + 16. Determine d(g).
-4
Let a(w) be the second derivative of -w**5/60 - w**4/8 + w**3/6 + 19*w**2/2 + 16*w + 2. Let u(h) be the first derivative of a(h). Give u(-4).
-3
Suppose 2*w = d - 45 - 53, 2*w = -3*d + 262. Suppose